{"id":36,"date":"2018-01-19T12:41:38","date_gmt":"2018-01-19T12:41:38","guid":{"rendered":"http:\/\/stutz-dr.com\/?page_id=36"},"modified":"2025-07-31T07:39:26","modified_gmt":"2025-07-31T07:39:26","slug":"unterkuenfte","status":"publish","type":"page","link":"https:\/\/stutz-dr.com\/?page_id=36","title":{"rendered":"Unterk\u00fcnfte"},"content":{"rendered":"<p>Liebe Patienten,\u00a0gerne k\u00f6nnen Sie auch nach Ihrem Aufenthalt in unserer Praxis noch eine oder mehr N\u00e4chte in der N\u00e4he bleiben.\u00a0Nachfolgend finden Sie einige Hotels und Pensionen im n\u00e4heren\u00a0Umkreis von Schwarzenbach am Wald.<\/p>\n<ul style=\"list-style-type: disc;\">\n<li><span style=\"text-decoration: underline;\"><strong><span style=\"color: #0000ff; text-decoration: underline;\"><a style=\"color: #0000ff; text-decoration: underline;\" href=\"http:\/\/www.frankenwald-ferien.de\">Ferienwohnung Schauenstein<\/a><\/span><\/strong><\/span><\/li>\n<li><span style=\"text-decoration: underline;\"><strong><span style=\"color: #0000ff; text-decoration: underline;\"><a style=\"color: #0000ff; text-decoration: underline;\" href=\"https:\/\/www.relexa-hotel-bad-steben.de\/\" target=\"_blank\" rel=\"noopener noreferrer\">Relexa Hotel Bad Steben<\/a><\/span><\/strong><\/span><\/li>\n<li><span style=\"text-decoration: underline;\"><strong><span style=\"color: #0000ff; text-decoration: underline;\"><a style=\"color: #0000ff; text-decoration: underline;\" href=\"http:\/\/www.gasthof-rodachtal.de\/\" target=\"_blank\" rel=\"noopener noreferrer\">Gasthof Rodachtal<\/a><\/span><\/strong><\/span><\/li>\n<li><span style=\"text-decoration: underline;\"><strong><span style=\"color: #0000ff; text-decoration: underline;\"><a style=\"color: #0000ff; text-decoration: underline;\" href=\"http:\/\/www.gasthof-bischofsmuehle.de\/\" target=\"_blank\" rel=\"noopener noreferrer\">Gasthof Bischofsm\u00fchle<\/a><\/span><\/strong><\/span><\/li>\n<li><span style=\"text-decoration: underline;\"><strong><span style=\"color: #0000ff; text-decoration: underline;\"><a style=\"color: #0000ff; text-decoration: underline;\" href=\"http:\/\/www.ferienwohnung-haegelhof.de\/\" target=\"_blank\" rel=\"noopener noreferrer\">Ferienwohnung H\u00e4gelhof<\/a><\/span><\/strong><\/span><\/li>\n<li><span style=\"text-decoration: underline;\"><strong><span style=\"color: #0000ff; text-decoration: underline;\"><a style=\"color: #0000ff; text-decoration: underline;\" href=\"https:\/\/villasiegfried.com\/\" target=\"_blank\" rel=\"noopener noreferrer\">Villa Siegfried Bad Steben<\/a><\/span><\/strong><\/span><\/li>\n<li><span style=\"text-decoration: underline;\"><strong><span style=\"color: #0000ff; text-decoration: underline;\"><a style=\"color: #0000ff; text-decoration: underline;\" href=\"https:\/\/www.wagners-hotel-frankenwald.de\/\" target=\"_blank\" rel=\"noopener noreferrer\">Wagners Hotel Frankenwald<\/a><\/span><\/strong><\/span><\/li>\n<li><span style=\"text-decoration: underline;\"><strong><span style=\"color: #0000ff; text-decoration: underline;\"><a style=\"color: #0000ff; text-decoration: underline;\" href=\"http:\/\/www.hochfranken-lodging.de\/\" target=\"_blank\" rel=\"noopener noreferrer\">View &amp; Garden Villa Schauenstein<\/a><\/span><\/strong><\/span><\/li>\n<li><span style=\"text-decoration: underline;\"><strong><span style=\"color: #0000ff; text-decoration: underline;\"><a style=\"color: #0000ff; text-decoration: underline;\" href=\"https:\/\/www.ferienimfrankenwald.de\/\" target=\"_blank\" rel=\"noopener noreferrer\">Ferienhaus Frankenwald<\/a> <\/span><\/strong><\/span><\/li>\n<li><span style=\"text-decoration: underline;\"><strong><span style=\"color: #0000ff; text-decoration: underline;\"><a style=\"color: #0000ff; text-decoration: underline;\" href=\"https:\/\/www.ferienwohnung-gudrun-ort.de\/\" target=\"_blank\" rel=\"noopener noreferrer\">Ferienwohnung Gudrun in Ort<\/a><\/span><\/strong><\/span><\/li>\n<li><span style=\"text-decoration: underline;\"><strong><span style=\"color: #0000ff; text-decoration: underline;\"><a style=\"color: #0000ff; text-decoration: underline;\" href=\"https:\/\/www.ferienwohnland.de\/ferienwohnung\/80925\/ferienwohnung-bergwiese-in-schwarzenbach-am-wald.html\">Ferienwohnung Bergwiese Schwarzenbach am Wald<\/a><\/span><\/strong><\/span><\/li>\n<li><span style=\"text-decoration: underline;\"><strong><span style=\"color: #0000ff; text-decoration: underline;\"><a style=\"color: #0000ff; text-decoration: underline;\" href=\"https:\/\/landgasthausdobraberg.business.site\/?utm_source=gmb&amp;utm_medium=referral\">Landgasthaus D\u00f6braberg<\/a><\/span><\/strong><\/span><\/li>\n<li><span style=\"text-decoration: underline;\"><strong><span style=\"color: #0000ff; text-decoration: underline;\"><a style=\"color: #0000ff; text-decoration: underline;\" href=\"https:\/\/www.instagram.com\/apartment_schwarzenbach_a_wald\/?igshid=YmMyMTA2M2Y%3D\">Apartment Schwarzenbach am Wald<\/a><\/span><\/strong><\/span><\/li>\n<li><span style=\"text-decoration: underline;\"><strong><span style=\"color: #0000ff; text-decoration: underline;\"><a style=\"color: #0000ff; text-decoration: underline;\" href=\"https:\/\/landhaus-auszeit.de\/\">Landhaus Auszeit Grafengehaig<\/a><\/span><\/strong><\/span><\/li>\n<li><span style=\"text-decoration: underline;\"><strong><span style=\"color: #0000ff; text-decoration: underline;\"><a style=\"color: #0000ff; text-decoration: underline;\" href=\"http:\/\/www.ferienimfrankenwald.de\">Ferien im Frankenwald<\/a><\/span><\/strong><\/span><\/li>\n<\/ul>\n<hr \/>\n<p>Unterk\u00fcnfte in Bayreuth:<\/p>\n<ul>\n<li><span style=\"text-decoration: underline;\"><strong><span style=\"color: #0000ff; text-decoration: underline;\"><a style=\"color: #0000ff; text-decoration: underline;\" href=\"https:\/\/www.arvena-kongress.de\/\" target=\"_blank\" rel=\"noopener noreferrer\">Arvena Kongress Hotel<\/a><\/span><\/strong><\/span><\/li>\n<li><span style=\"text-decoration: underline;\"><strong><span style=\"color: #0000ff; text-decoration: underline;\"><a style=\"color: #0000ff; text-decoration: underline;\" href=\"http:\/\/www.bayerischer-hof.de\/\" target=\"_blank\" rel=\"noopener noreferrer\">Hotel Bayrischer Hof<\/a><\/span><\/strong><\/span><\/li>\n<li><span style=\"text-decoration: underline;\"><strong><span style=\"color: #0000ff; text-decoration: underline;\"><a style=\"color: #0000ff; text-decoration: underline;\" href=\"https:\/\/www.bayreuth-goldener-hirsch.de\/\" target=\"_blank\" rel=\"noopener noreferrer\">Hotel Goldener Hirsch<\/a><\/span><\/strong><\/span><\/li>\n<\/ul>\n","protected":false},"excerpt":{"rendered":"<p>Liebe Patienten,\u00a0gerne k\u00f6nnen Sie auch nach Ihrem Aufenthalt in unserer Praxis noch eine oder mehr N\u00e4chte in der N\u00e4he bleiben.\u00a0Nachfolgend&hellip; <a class=\"read-more\" href=\"https:\/\/stutz-dr.com\/?page_id=36\">Weiterlesen <span class=\"screen-reader-text\">Unterk\u00fcnfte<\/span><\/a><\/p>\n","protected":false},"author":1,"featured_media":0,"parent":0,"menu_order":0,"comment_status":"closed","ping_status":"closed","template":"","meta":{"footnotes":""},"class_list":["post-36","page","type-page","status-publish","hentry"],"jetpack_sharing_enabled":true,"_links":{"self":[{"href":"https:\/\/stutz-dr.com\/index.php?rest_route=\/wp\/v2\/pages\/36","targetHints":{"allow":["GET"]}}],"collection":[{"href":"https:\/\/stutz-dr.com\/index.php?rest_route=\/wp\/v2\/pages"}],"about":[{"href":"https:\/\/stutz-dr.com\/index.php?rest_route=\/wp\/v2\/types\/page"}],"author":[{"embeddable":true,"href":"https:\/\/stutz-dr.com\/index.php?rest_route=\/wp\/v2\/users\/1"}],"replies":[{"embeddable":true,"href":"https:\/\/stutz-dr.com\/index.php?rest_route=%2Fwp%2Fv2%2Fcomments&post=36"}],"version-history":[{"count":27,"href":"https:\/\/stutz-dr.com\/index.php?rest_route=\/wp\/v2\/pages\/36\/revisions"}],"predecessor-version":[{"id":469,"href":"https:\/\/stutz-dr.com\/index.php?rest_route=\/wp\/v2\/pages\/36\/revisions\/469"}],"wp:attachment":[{"href":"https:\/\/stutz-dr.com\/index.php?rest_route=%2Fwp%2Fv2%2Fmedia&parent=36"}],"curies":[{"name":"wp","href":"https:\/\/api.w.org\/{rel}","templated":true}]}}

Unterkünfte

<p>Liebe Patienten, gerne können Sie auch nach Ihrem Aufenthalt in unserer Praxis noch eine oder mehr Nächte in der Nähe bleiben. Nachfolgend finden Sie einige Hotels und Pensionen im näheren Umkreis von Schwarzenbach am Wald.</p>
<ul style="list-style-type: disc;">
<li><span style="text-decoration: underline;"><strong><span style="color: #0000ff; text-decoration: underline;"><a style="color: #0000ff; text-decoration: underline;" href="http://www.frankenwald-ferien.de">Ferienwohnung Schauenstein</a></span></strong></span></li>
<li><span style="text-decoration: underline;"><strong><span style="color: #0000ff; text-decoration: underline;"><a style="color: #0000ff; text-decoration: underline;" href="https://www.relexa-hotel-bad-steben.de/" target="_blank" rel="noopener noreferrer">Relexa Hotel Bad Steben</a></span></strong></span></li>
<li><span style="text-decoration: underline;"><strong><span style="color: #0000ff; text-decoration: underline;"><a style="color: #0000ff; text-decoration: underline;" href="http://www.gasthof-rodachtal.de/" target="_blank" rel="noopener noreferrer">Gasthof Rodachtal</a></span></strong></span></li>
<li><span style="text-decoration: underline;"><strong><span style="color: #0000ff; text-decoration: underline;"><a style="color: #0000ff; text-decoration: underline;" href="http://www.gasthof-bischofsmuehle.de/" target="_blank" rel="noopener noreferrer">Gasthof Bischofsmühle</a></span></strong></span></li>
<li><span style="text-decoration: underline;"><strong><span style="color: #0000ff; text-decoration: underline;"><a style="color: #0000ff; text-decoration: underline;" href="http://www.ferienwohnung-haegelhof.de/" target="_blank" rel="noopener noreferrer">Ferienwohnung Hägelhof</a></span></strong></span></li>
<li><span style="text-decoration: underline;"><strong><span style="color: #0000ff; text-decoration: underline;"><a style="color: #0000ff; text-decoration: underline;" href="https://villasiegfried.com/" target="_blank" rel="noopener noreferrer">Villa Siegfried Bad Steben</a></span></strong></span></li>
<li><span style="text-decoration: underline;"><strong><span style="color: #0000ff; text-decoration: underline;"><a style="color: #0000ff; text-decoration: underline;" href="https://www.wagners-hotel-frankenwald.de/" target="_blank" rel="noopener noreferrer">Wagners Hotel Frankenwald</a></span></strong></span></li>
<li><span style="text-decoration: underline;"><strong><span style="color: #0000ff; text-decoration: underline;"><a style="color: #0000ff; text-decoration: underline;" href="http://www.hochfranken-lodging.de/" target="_blank" rel="noopener noreferrer">View &amp; Garden Villa Schauenstein</a></span></strong></span></li>
<li><span style="text-decoration: underline;"><strong><span style="color: #0000ff; text-decoration: underline;"><a style="color: #0000ff; text-decoration: underline;" href="https://www.ferienimfrankenwald.de/" target="_blank" rel="noopener noreferrer">Ferienhaus Frankenwald</a> </span></strong></span></li>
<li><span style="text-decoration: underline;"><strong><span style="color: #0000ff; text-decoration: underline;"><a style="color: #0000ff; text-decoration: underline;" href="https://www.ferienwohnung-gudrun-ort.de/" target="_blank" rel="noopener noreferrer">Ferienwohnung Gudrun in Ort</a></span></strong></span></li>
<li><span style="text-decoration: underline;"><strong><span style="color: #0000ff; text-decoration: underline;"><a style="color: #0000ff; text-decoration: underline;" href="https://www.ferienwohnland.de/ferienwohnung/80925/ferienwohnung-bergwiese-in-schwarzenbach-am-wald.html">Ferienwohnung Bergwiese Schwarzenbach am Wald</a></span></strong></span></li>
<li><span style="text-decoration: underline;"><strong><span style="color: #0000ff; text-decoration: underline;"><a style="color: #0000ff; text-decoration: underline;" href="https://landgasthausdobraberg.business.site/?utm_source=gmb&amp;utm_medium=referral">Landgasthaus Döbraberg</a></span></strong></span></li>
<li><span style="text-decoration: underline;"><strong><span style="color: #0000ff; text-decoration: underline;"><a style="color: #0000ff; text-decoration: underline;" href="https://www.instagram.com/apartment_schwarzenbach_a_wald/?igshid=YmMyMTA2M2Y%3D">Apartment Schwarzenbach am Wald</a></span></strong></span></li>
<li><span style="text-decoration: underline;"><strong><span style="color: #0000ff; text-decoration: underline;"><a style="color: #0000ff; text-decoration: underline;" href="https://landhaus-auszeit.de/">Landhaus Auszeit Grafengehaig</a></span></strong></span></li>
<li><span style="text-decoration: underline;"><strong><span style="color: #0000ff; text-decoration: underline;"><a style="color: #0000ff; text-decoration: underline;" href="http://www.ferienimfrankenwald.de">Ferien im Frankenwald</a></span></strong></span></li>
</ul>
<hr />
<p>Unterkünfte in Bayreuth:</p>
<ul>
<li><span style="text-decoration: underline;"><strong><span style="color: #0000ff; text-decoration: underline;"><a style="color: #0000ff; text-decoration: underline;" href="https://www.arvena-kongress.de/" target="_blank" rel="noopener noreferrer">Arvena Kongress Hotel</a></span></strong></span></li>
<li><span style="text-decoration: underline;"><strong><span style="color: #0000ff; text-decoration: underline;"><a style="color: #0000ff; text-decoration: underline;" href="http://www.bayerischer-hof.de/" target="_blank" rel="noopener noreferrer">Hotel Bayrischer Hof</a></span></strong></span></li>
<li><span style="text-decoration: underline;"><strong><span style="color: #0000ff; text-decoration: underline;"><a style="color: #0000ff; text-decoration: underline;" href="https://www.bayreuth-goldener-hirsch.de/" target="_blank" rel="noopener noreferrer">Hotel Goldener Hirsch</a></span></strong></span></li>
</ul>

<p>Liebe Patienten, gerne können Sie auch nach Ihrem Aufenthalt in unserer Praxis noch eine oder mehr Nächte in der Nähe bleiben. Nachfolgend&hellip; <a class="read-more" href="https://stutz-dr.com/?page_id=36">Weiterlesen <span class="screen-reader-text">Unterkünfte</span></a></p>
