{"id":38,"date":"2018-01-19T12:41:38","date_gmt":"2018-01-19T12:41:38","guid":{"rendered":"http:\/\/stutz-dr.com\/?page_id=38"},"modified":"2026-04-17T12:31:38","modified_gmt":"2026-04-17T12:31:38","slug":"downloads","status":"publish","type":"page","link":"https:\/\/stutz-dr.com\/?page_id=38","title":{"rendered":"Downloads"},"content":{"rendered":"<p>Sehr geehrte Patienten, auf dieser Seite finden Sie Informationen und Frageb\u00f6gen zum Ausdrucken und Ausf\u00fcllen:<\/p>\n<p style=\"padding-left: 30px;\"><span style=\"text-decoration: underline;\"><strong>Lip\u00f6dem \/ Liposuktion:<\/strong> <\/span><\/p>\n<ul>\n<li><span style=\"text-decoration: underline;\"><strong><span style=\"color: #0000ff; text-decoration: underline;\"><a style=\"color: #0000ff; text-decoration: underline;\" href=\"https:\/\/stutz-dr.com\/wp-content\/uploads\/2018\/01\/1101_Vasomed_Originalarbeit_Stutz.pdf\" target=\"_blank\" rel=\"noopener noreferrer\">Liposuktion beim Lip\u00f6dem zur Verhinderung von Gelenksp\u00e4tkomplikationen<\/a><\/span><\/strong><\/span><\/li>\n<li><span style=\"text-decoration: underline;\"><strong><span style=\"color: #0000ff; text-decoration: underline;\"><a style=\"color: #0000ff; text-decoration: underline;\" href=\"https:\/\/stutz-dr.com\/wp-content\/uploads\/2018\/01\/leitlinielipoedem.pdf\" target=\"_blank\" rel=\"noopener noreferrer\">Leitlinie Lip\u00f6dem &#8211; Leitlinie der dt. Gesellschaft f\u00fcr Phlebologie<\/a><\/span><\/strong><\/span><\/li>\n<li><span style=\"text-decoration: underline;\"><strong><span style=\"color: #0000ff; text-decoration: underline;\"><a style=\"color: #0000ff; text-decoration: underline;\" href=\"https:\/\/stutz-dr.com\/wp-content\/uploads\/2018\/01\/mass_hose.pdf\" target=\"_blank\" rel=\"noopener noreferrer\">Ma\u00dfblatt f\u00fcr Bein &#8211; Kompressionsmieder<\/a><\/span><\/strong><\/span><\/li>\n<li><span style=\"text-decoration: underline;\"><strong><span style=\"color: #0000ff; text-decoration: underline;\"><a style=\"color: #0000ff; text-decoration: underline;\" href=\"https:\/\/stutz-dr.com\/wp-content\/uploads\/2018\/01\/mass_jacke-1.pdf\" target=\"_blank\" rel=\"noopener noreferrer\">Ma\u00dfblatt f\u00fcr Arm &#8211; Kompressionsmieder<\/a><\/span><\/strong><\/span><\/li>\n<li><span style=\"text-decoration: underline;\"><strong><span style=\"color: #0000ff; text-decoration: underline;\"><a style=\"color: #0000ff; text-decoration: underline;\" href=\"https:\/\/stutz-dr.com\/wp-content\/uploads\/2018\/01\/Download-File-1.pdf\" target=\"_blank\" rel=\"noopener noreferrer\">Flyer Lip\u00f6dem<\/a>\u00a0<\/span><\/strong><\/span><\/li>\n<li><span style=\"text-decoration: underline;\"><strong><span style=\"color: #0000ff; text-decoration: underline;\"><a style=\"color: #0000ff; text-decoration: underline;\" href=\"https:\/\/stutz-dr.com\/wp-content\/uploads\/2024\/09\/Patientenfragebogen-Frauen-20206.pdf\">Patientenfragebogen Frauen <\/a><\/span><\/strong><\/span><\/li>\n<\/ul>\n<p style=\"padding-left: 30px;\"><strong><span style=\"text-decoration: underline;\">Venenleiden \/ Varicolas<\/span><\/strong><\/p>\n<ul>\n<li><span style=\"text-decoration: underline;\"><strong><span style=\"color: #0000ff; text-decoration: underline;\"><a style=\"color: #0000ff; text-decoration: underline;\" href=\"https:\/\/stutz-dr.com\/wp-content\/uploads\/2018\/01\/Download-File1.pdf\" target=\"_blank\" rel=\"noopener noreferrer\">Flyer Varicolas<\/a><\/span><\/strong><\/span><\/li>\n<li><span style=\"text-decoration: underline;\"><strong><span style=\"color: #0000ff; text-decoration: underline;\"><a style=\"color: #0000ff; text-decoration: underline;\" href=\"https:\/\/stutz-dr.com\/wp-content\/uploads\/2024\/09\/Patienten-Info_Maenner.pdf\">Patientenfragebogen M\u00e4nner <\/a><\/span><\/strong><\/span><\/li>\n<\/ul>\n<p><span style=\"text-decoration: underline;\"><strong>For our english speaking patients:<\/strong><\/span><\/p>\n<div>\u2022<span style=\"text-decoration: underline;\"><strong><span style=\"color: #0000ff; text-decoration: underline;\"> <a style=\"color: #0000ff; text-decoration: underline;\" href=\"https:\/\/stutz-dr.com\/wp-content\/uploads\/2018\/03\/Questionnaire-2018.pdf\" target=\"_blank\" rel=\"noopener noreferrer\">Questionnaire Lipoedema<\/a><\/span><\/strong><\/span><\/div>\n<div><strong><span style=\"color: #000000;\">\u2022<\/span><\/strong><span style=\"text-decoration: underline;\"><strong><span style=\"color: #0000ff; text-decoration: underline;\"><a style=\"color: #0000ff; text-decoration: underline;\" href=\"https:\/\/stutz-dr.com\/wp-content\/uploads\/2018\/03\/Guidelines-and-Translation-for-Leg-Measurement-Form.pdf\" target=\"_blank\" rel=\"noopener noreferrer\">Guidelines and Translation for Leg Measurement Form<\/a><\/span><\/strong><\/span><\/div>\n<div><strong><span style=\"color: #0000ff;\"><span style=\"color: #000000;\">\u2022<\/span><\/span><\/strong> <span style=\"text-decoration: underline;\"><strong><span style=\"color: #0000ff; text-decoration: underline;\"><a style=\"color: #0000ff; text-decoration: underline;\" href=\"https:\/\/stutz-dr.com\/wp-content\/uploads\/2018\/03\/masshose_with_English.pdf\" target=\"_blank\" rel=\"noopener noreferrer\">leg measurement\u00a0form\u00a0<\/a><\/span><\/strong><\/span><\/div>\n<div><span style=\"color: #000000;\"><strong>\u2022<\/strong><\/span><span style=\"text-decoration: underline;\"><strong><span style=\"color: #0000ff; text-decoration: underline;\"><a style=\"color: #0000ff; text-decoration: underline;\" href=\"https:\/\/stutz-dr.com\/wp-content\/uploads\/2018\/03\/massjacke_with_English.pdf\">arm\u00a0measurement\u00a0form<\/a><\/span><\/strong><\/span><\/div>\n<div><\/div>\n<div><\/div>\n","protected":false},"excerpt":{"rendered":"<p>Sehr geehrte Patienten, auf dieser Seite finden Sie Informationen und Frageb\u00f6gen zum Ausdrucken und Ausf\u00fcllen: Lip\u00f6dem \/ Liposuktion: Liposuktion beim&hellip; <a class=\"read-more\" href=\"https:\/\/stutz-dr.com\/?page_id=38\">Weiterlesen <span class=\"screen-reader-text\">Downloads<\/span><\/a><\/p>\n","protected":false},"author":1,"featured_media":0,"parent":0,"menu_order":0,"comment_status":"closed","ping_status":"closed","template":"","meta":{"footnotes":""},"class_list":["post-38","page","type-page","status-publish","hentry"],"jetpack_sharing_enabled":true,"_links":{"self":[{"href":"https:\/\/stutz-dr.com\/index.php?rest_route=\/wp\/v2\/pages\/38","targetHints":{"allow":["GET"]}}],"collection":[{"href":"https:\/\/stutz-dr.com\/index.php?rest_route=\/wp\/v2\/pages"}],"about":[{"href":"https:\/\/stutz-dr.com\/index.php?rest_route=\/wp\/v2\/types\/page"}],"author":[{"embeddable":true,"href":"https:\/\/stutz-dr.com\/index.php?rest_route=\/wp\/v2\/users\/1"}],"replies":[{"embeddable":true,"href":"https:\/\/stutz-dr.com\/index.php?rest_route=%2Fwp%2Fv2%2Fcomments&post=38"}],"version-history":[{"count":18,"href":"https:\/\/stutz-dr.com\/index.php?rest_route=\/wp\/v2\/pages\/38\/revisions"}],"predecessor-version":[{"id":479,"href":"https:\/\/stutz-dr.com\/index.php?rest_route=\/wp\/v2\/pages\/38\/revisions\/479"}],"wp:attachment":[{"href":"https:\/\/stutz-dr.com\/index.php?rest_route=%2Fwp%2Fv2%2Fmedia&parent=38"}],"curies":[{"name":"wp","href":"https:\/\/api.w.org\/{rel}","templated":true}]}}